{"id":18,"date":"2014-12-28T17:28:28","date_gmt":"2014-12-28T17:28:28","guid":{"rendered":"http:\/\/codecca.mx\/?page_id=18"},"modified":"2015-02-03T19:17:12","modified_gmt":"2015-02-03T19:17:12","slug":"auditoria-interna","status":"publish","type":"page","link":"https:\/\/codecca.mx\/?page_id=18","title":{"rendered":"Auditoria Interna"},"content":{"rendered":"<p>Con nuestros servicios damos certidumbre a las operaciones financieras, administrativas, corporativas y de procesos , que nos generan escenarios viables para la toma de decisiones, oportunas y eficientes con\u00a0pautas m\u00e1s certeras para medir y conocer los riesgos; as\u00ed como generar mayor eficiencia y certidumbre en las operaciones de d\u00eda con d\u00eda \u00a0de nuestra empresa.<\/p>\n","protected":false},"excerpt":{"rendered":"<p>Con nuestros servicios damos certidumbre a las operaciones financieras, administrativas, corporativas y de procesos , que nos generan escenarios viables para la toma de decisiones, oportunas y eficientes con\u00a0pautas m\u00e1s certeras para medir y conocer los riesgos; as\u00ed como generar mayor eficiencia y certidumbre en las operaciones de d\u00eda con d\u00eda \u00a0de nuestra empresa.<\/p>\n","protected":false},"author":1,"featured_media":0,"parent":76,"menu_order":0,"comment_status":"open","ping_status":"closed","template":"page-template\/full-width.php","meta":[],"_links":{"self":[{"href":"https:\/\/codecca.mx\/index.php?rest_route=\/wp\/v2\/pages\/18"}],"collection":[{"href":"https:\/\/codecca.mx\/index.php?rest_route=\/wp\/v2\/pages"}],"about":[{"href":"https:\/\/codecca.mx\/index.php?rest_route=\/wp\/v2\/types\/page"}],"author":[{"embeddable":true,"href":"https:\/\/codecca.mx\/index.php?rest_route=\/wp\/v2\/users\/1"}],"replies":[{"embeddable":true,"href":"https:\/\/codecca.mx\/index.php?rest_route=%2Fwp%2Fv2%2Fcomments&post=18"}],"version-history":[{"count":6,"href":"https:\/\/codecca.mx\/index.php?rest_route=\/wp\/v2\/pages\/18\/revisions"}],"predecessor-version":[{"id":64,"href":"https:\/\/codecca.mx\/index.php?rest_route=\/wp\/v2\/pages\/18\/revisions\/64"}],"up":[{"embeddable":true,"href":"https:\/\/codecca.mx\/index.php?rest_route=\/wp\/v2\/pages\/76"}],"wp:attachment":[{"href":"https:\/\/codecca.mx\/index.php?rest_route=%2Fwp%2Fv2%2Fmedia&parent=18"}],"curies":[{"name":"wp","href":"https:\/\/api.w.org\/{rel}","templated":true}]}}